{"id":991,"date":"2023-11-12T13:01:55","date_gmt":"2023-11-12T13:01:55","guid":{"rendered":"https:\/\/woocommercecore.mystagingwebsite.com\/product\/wordpress-pennant\/"},"modified":"2026-04-26T14:01:31","modified_gmt":"2026-04-26T14:01:31","slug":"temel-yangin-egitimi","status":"publish","type":"product","link":"https:\/\/www.yanginakademisi.com.tr\/egitim\/kurs\/temel-yangin-egitimi\/","title":{"rendered":"E\u011fitim Sat\u0131n Al"},"content":{"rendered":"<h2 style=\"text-align: center;\"><span style=\"color: #ff0000;\"><strong>Uygun Fiyatl\u0131 E\u011fitim F\u0131rsatlar\u0131n\u0131 Ka\u00e7\u0131rmay\u0131n !<\/strong><\/span><\/h2>\n<hr \/>\n<div class=\"elementor-element elementor-element-06b10b9 elementor-align-justify elementor-widget elementor-widget-button\" data-id=\"06b10b9\" data-element_type=\"widget\" data-widget_type=\"button.default\">\n<div class=\"elementor-widget-container\">\n<div class=\"elementor-button-wrapper\"><strong><a class=\"elementor-button elementor-button-link elementor-size-md\" href=\"https:\/\/www.yanginakademisi.com.tr\/egitim\/temel-yangin-egitimi\/\"><span class=\"elementor-button-content-wrapper\"><span class=\"elementor-button-text\">TEMEL YANGIN E\u011e\u0130T\u0130M\u0130<\/span><\/span><\/a><\/strong><\/div>\n<\/div>\n<\/div>\n<div class=\"elementor-element elementor-element-72815b8 elementor-align-justify elementor-widget elementor-widget-button\" data-id=\"72815b8\" data-element_type=\"widget\" data-widget_type=\"button.default\">\n<div class=\"elementor-widget-container\">\n<div class=\"elementor-button-wrapper\"><strong><a class=\"elementor-button elementor-button-link elementor-size-md\" href=\"http:\/\/www.yanginakademisi.com.tr\/egitim\/yangin-sondurme-ekibi-egitimi\/\"><span class=\"elementor-button-content-wrapper\"><span class=\"elementor-button-text\">YANGIN S\u00d6ND\u00dcRME EK\u0130B\u0130 E\u011e\u0130T\u0130M\u0130<\/span><\/span><\/a><\/strong><\/div>\n<\/div>\n<\/div>\n<div class=\"elementor-element elementor-element-edae5ee elementor-align-justify elementor-widget elementor-widget-button\" data-id=\"edae5ee\" data-element_type=\"widget\" data-widget_type=\"button.default\">\n<div class=\"elementor-widget-container\">\n<div class=\"elementor-button-wrapper\"><strong><a class=\"elementor-button elementor-button-link elementor-size-md\" href=\"http:\/\/www.yanginakademisi.com.tr\/egitim\/arama-kurtarma-tahliyekoruma-egitimi\/\"><span class=\"elementor-button-content-wrapper\"><span class=\"elementor-button-text\">ARAMA KURTARMA TAHL\u0130YE (KORUMA) E\u011e\u0130T\u0130M\u0130<\/span><\/span><\/a><\/strong><\/div>\n<\/div>\n<\/div>\n<div class=\"elementor-element elementor-element-8d106c2 elementor-align-justify elementor-widget elementor-widget-button\" data-id=\"8d106c2\" data-element_type=\"widget\" data-widget_type=\"button.default\">\n<div class=\"elementor-widget-container\">\n<div class=\"elementor-button-wrapper\"><strong><a class=\"elementor-button elementor-button-link elementor-size-md\" href=\"https:\/\/www.yanginakademisi.com.tr\/egitim\/acil-durum-ekipleri-egitimi\/\"><span class=\"elementor-button-content-wrapper\"><span class=\"elementor-button-text\">AC\u0130L DURUM EK\u0130PLER\u0130 E\u011e\u0130T\u0130M\u0130<br \/>\n(YANGIN-ARAMA KURTARMA-KORUMA)<\/span><\/span><\/a><\/strong><\/div>\n<\/div>\n<\/div>\n<div class=\"elementor-element elementor-element-077d92c elementor-align-justify elementor-widget elementor-widget-button\" data-id=\"077d92c\" data-element_type=\"widget\" data-widget_type=\"button.default\">\n<div class=\"elementor-widget-container\">\n<div class=\"elementor-button-wrapper\"><strong><a class=\"elementor-button elementor-button-link elementor-size-md\" href=\"https:\/\/www.yanginakademisi.com.tr\/egitim\/ileri-seviye-yangin-egitimi\/\"><span class=\"elementor-button-content-wrapper\"><span class=\"elementor-button-text\">\u0130LER\u0130 SEV\u0130YE YANGIN E\u011e\u0130T\u0130M\u0130<\/span><\/span><\/a><\/strong><\/div>\n<\/div>\n<\/div>\n<div class=\"elementor-element elementor-element-9803082 elementor-align-justify elementor-widget elementor-widget-button\" data-id=\"9803082\" data-element_type=\"widget\" data-widget_type=\"button.default\">\n<div class=\"elementor-widget-container\">\n<div class=\"elementor-button-wrapper\"><strong><a class=\"elementor-button elementor-button-link elementor-size-md\" href=\"https:\/\/www.yanginakademisi.com.tr\/egitim\/acil-durum-tahliye-tatbikati-egitimi\/\"><span class=\"elementor-button-content-wrapper\"><span class=\"elementor-button-text\">AC\u0130L DURUM TAHL\u0130YE TATB\u0130KATI<\/span><\/span><\/a><\/strong><\/div>\n<\/div>\n<\/div>\n<div class=\"elementor-element elementor-element-2668cb7 elementor-align-justify elementor-widget elementor-widget-button\" data-id=\"2668cb7\" data-element_type=\"widget\" data-widget_type=\"button.default\">\n<div class=\"elementor-widget-container\">\n<div class=\"elementor-button-wrapper\"><strong><a class=\"elementor-button elementor-button-link elementor-size-md\" href=\"https:\/\/www.yanginakademisi.com.tr\/egitim\/deprem-bilinclendirme-egitimi\/\"><span class=\"elementor-button-content-wrapper\"><span class=\"elementor-button-text\">DEPREM B\u0130L\u0130N\u00c7LEND\u0130RME E\u011e\u0130T\u0130M\u0130<\/span><\/span><\/a><\/strong><\/div>\n<\/div>\n<\/div>\n<div class=\"elementor-element elementor-element-b369ee0 elementor-align-justify elementor-widget elementor-widget-button\" data-id=\"b369ee0\" data-element_type=\"widget\" data-widget_type=\"button.default\">\n<div class=\"elementor-widget-container\">\n<div class=\"elementor-button-wrapper\"><strong><a class=\"elementor-button elementor-button-link elementor-size-md\" href=\"https:\/\/www.yanginakademisi.com.tr\/egitim\/yangin-guvenligi-risk-analizi\/\"><span class=\"elementor-button-content-wrapper\"><span class=\"elementor-button-text\">YANGIN G\u00dcVENL\u0130\u011e\u0130 VE DEPREM R\u0130SK ANAL\u0130Z\u0130<\/span><\/span><\/a><\/strong><\/div>\n<\/div>\n<\/div>\n<div class=\"elementor-element elementor-element-28def41 elementor-align-justify elementor-widget elementor-widget-button\" data-id=\"28def41\" data-element_type=\"widget\" data-widget_type=\"button.default\">\n<div class=\"elementor-widget-container\">\n<div class=\"elementor-button-wrapper\"><strong><a class=\"elementor-button elementor-button-link elementor-size-md\" href=\"https:\/\/www.yanginakademisi.com.tr\/egitim\/ilk-yardim-egitimi\/\"><span class=\"elementor-button-content-wrapper\"><span class=\"elementor-button-text\">\u0130LK YARDIM E\u011e\u0130T\u0130M\u0130<\/span><\/span><\/a><\/strong><\/div>\n<\/div>\n<\/div>\n<div class=\"elementor-element elementor-element-50950f9 elementor-align-justify elementor-widget elementor-widget-button\" data-id=\"50950f9\" data-element_type=\"widget\" data-widget_type=\"button.default\">\n<div class=\"elementor-widget-container\">\n<div class=\"elementor-button-wrapper\"><strong><a class=\"elementor-button elementor-button-link elementor-size-md\" href=\"https:\/\/www.yanginakademisi.com.tr\/egitim\/yuksekte-calisma-egitimi\/\"><span class=\"elementor-button-content-wrapper\"><span class=\"elementor-button-text\">Y\u00dcKSEKTE \u00c7ALI\u015eMA E\u011e\u0130T\u0130M\u0130<\/span><\/span><\/a><\/strong><\/div>\n<\/div>\n<\/div>\n<div class=\"elementor-element elementor-element-854babf elementor-align-justify elementor-widget elementor-widget-button\" data-id=\"854babf\" data-element_type=\"widget\" data-widget_type=\"button.default\">\n<div class=\"elementor-widget-container\">\n<div class=\"elementor-button-wrapper\"><strong><a class=\"elementor-button elementor-button-link elementor-size-md\" href=\"https:\/\/www.yanginakademisi.com.tr\/egitim\/deprem-guvenligi-risk-analizi\/\"><span class=\"elementor-button-content-wrapper\"><span class=\"elementor-button-text\">DEPREM G\u00dcVENL\u0130\u011e\u0130 R\u0130SK ANAL\u0130Z\u0130<\/span><\/span><\/a><\/strong><\/div>\n<\/div>\n<\/div>\n","protected":false},"excerpt":{"rendered":"<h1><strong>Yang\u0131n E\u011fitimi ve Daha Fazlas\u0131<\/strong><\/h1>\n<p><strong>Yang\u0131n E\u011fitimi<\/strong> Kursu ve Di\u011fer t\u00fcm kurslarda Yang\u0131n Akademisi olarak a\u00e7\u0131l\u0131\u015fa \u00f6zel uygun fiyat se\u00e7ene\u011fi, talep etti\u011finiz kursu se\u00e7erek \u00f6deme yap\u0131n f\u0131rsat\u0131 ka\u00e7\u0131rmay\u0131n, detayl\u0131 bilgi i\u00e7in taraf\u0131n\u0131za d\u00f6n\u00fc\u015f yap\u0131lacakt\u0131r.<\/p>\n","protected":false},"featured_media":1401,"comment_status":"closed","ping_status":"closed","template":"","meta":[],"product_brand":[],"product_cat":[54],"product_tag":[58,59,56,57],"class_list":{"0":"post-991","1":"product","2":"type-product","3":"status-publish","4":"has-post-thumbnail","6":"product_cat-yangin-egitimi","7":"product_tag-itfaiye-okulu","8":"product_tag-yangin-akademisi","9":"product_tag-yangin-egitimi","10":"product_tag-yangin-egitimi-kursu","12":"first","13":"instock","14":"shipping-taxable","15":"purchasable","16":"product-type-variable"},"aioseo_notices":[],"acf":[],"_links":{"self":[{"href":"https:\/\/www.yanginakademisi.com.tr\/egitim\/wp-json\/wp\/v2\/product\/991","targetHints":{"allow":["GET"]}}],"collection":[{"href":"https:\/\/www.yanginakademisi.com.tr\/egitim\/wp-json\/wp\/v2\/product"}],"about":[{"href":"https:\/\/www.yanginakademisi.com.tr\/egitim\/wp-json\/wp\/v2\/types\/product"}],"replies":[{"embeddable":true,"href":"https:\/\/www.yanginakademisi.com.tr\/egitim\/wp-json\/wp\/v2\/comments?post=991"}],"wp:featuredmedia":[{"embeddable":true,"href":"https:\/\/www.yanginakademisi.com.tr\/egitim\/wp-json\/wp\/v2\/media\/1401"}],"wp:attachment":[{"href":"https:\/\/www.yanginakademisi.com.tr\/egitim\/wp-json\/wp\/v2\/media?parent=991"}],"wp:term":[{"taxonomy":"product_brand","embeddable":true,"href":"https:\/\/www.yanginakademisi.com.tr\/egitim\/wp-json\/wp\/v2\/product_brand?post=991"},{"taxonomy":"product_cat","embeddable":true,"href":"https:\/\/www.yanginakademisi.com.tr\/egitim\/wp-json\/wp\/v2\/product_cat?post=991"},{"taxonomy":"product_tag","embeddable":true,"href":"https:\/\/www.yanginakademisi.com.tr\/egitim\/wp-json\/wp\/v2\/product_tag?post=991"}],"curies":[{"name":"wp","href":"https:\/\/api.w.org\/{rel}","templated":true}]}}